+ -301146316?
-301146311
In base 7, what is 1222015 + -2420?
1216265
In base 5, what is 43132114411 + -10?
43132114401
In base 4, what is 31 - -33220302?
33220333
In base 11, what is 9a7593 - -80?
9a7663
In base 15, what is -3867b6 + 0?
-3867b6
In base 6, what is -43155 - -231311?
144112
In base 2, what is -1 + 1111111000111111010100011111?
1111111000111111010100011110
In base 4, what is -330120100233033 - 0?
-330120100233033
In base 5, what is 31120000030 + 14?
31120000044
In base 2, what is 1000011100000001 + -1100001?
1000011010100000
In base 6, what is -4 + -235452500?
-235452504
In base 6, what is 13 + 231134314?
231134331
In base 3, what is 1102 + -122210201111?
-122210200002
In base 12, what is 10927 + 1300?
12027
In base 11, what is -41 + -6a1930?
-6a1971
In base 13, what is -56ac6 + -38?
-56b31
In base 15, what is -5 - 9400ad?
-9400b3
In base 10, what is -2037 + -3713?
-5750
In base 9, what is -8140 - 467?
-8617
In base 9, what is 3 - 5041635?
-5041632
In base 3, what is 20 - -21102201001000?
21102201001020
In base 10, what is 3000716 + 0?
3000716
In base 2, what is 11111000 - -10100001101000010001?
10100001101100001001
In base 2, what is -101001011001 - -11110111001?
-1010100000
In base 11, what is -5957 - 771?
-6618
In base 12, what is -25062197a + -1?
-25062197b
In base 3, what is -2112 + -101121022100?
-101121101212
In base 11, what is -33242 - 21?
-33263
In base 8, what is -61463742 - 12?
-61463754
In base 16, what is a83e5c + 42?
a83e9e
In base 14, what is 2a2 + -2520?
-225c
In base 15, what is d + -9e322?
-9e314
In base 7, what is -226611632 + -2?
-226611634
In base 11, what is -330a995 + -13?
-330a9a8
In base 11, what is 998 - -1a833?
20720
In base 7, what is -226 + 440611?
440352
In base 12, what is -1 + -2552693?
-2552694
In base 9, what is 0 + 636370184?
636370184
In base 10, what is -598853 + 33?
-598820
In base 15, what is 0 + 1bd792d?
1bd792d
In base 6, what is 244 + -4253215?
-4252531
In base 9, what is -4837053 - 182?
-4837245
In base 6, what is 3201 + -40432?
-33231
In base 6, what is 30045 + -2031?
24014
In base 10, what is 13 - 772305?
-772292
In base 2, what is -10101 + -1000000111110010100111?
-1000000111110010111100
In base 8, what is -2577664222 + 0?
-2577664222
In base 8, what is -5 + -12707432?
-12707437
In base 9, what is -15407 + -6642?
-23150
In base 8, what is 144527 - 43?
144464
In base 5, what is -32 + 10422401320?
10422401233
In base 13, what is 5 - -18c577b?
18c5783
In base 7, what is -5444016 - 164?
-5444213
In base 11, what is -2 - 90a3814?
-90a3816
In base 15, what is -d806b + -3c?
-d80a8
In base 8, what is 313340 - 6?
313332
In base 15, what is 3e7ae6a + 2?
3e7ae6c
In base 5, what is 1113333 + 2312?
1121200
In base 13, what is 3bc114 + -1cc?
3bbc15
In base 6, what is 1304 - -1521331?
1523035
In base 7, what is -24 - -225516413?
225516356
In base 15, what is 1590 + 1217?
27a7
In base 2, what is 10111 + 1001110111011010001010?
1001110111011010100001
In base 8, what is -7 + 205171565?
205171556
In base 10, what is -4643 - -14049?
9406
In base 14, what is -132 + 7b1c?
79ca
In base 11, what is 236a - 1311?
1059
In base 14, what is -559923 + -5?
-559928
In base 5, what is 10034311 + -44?
10034212
In base 3, what is -1021011201201002021 - 2?
-1021011201201002100
In base 16, what is -3 - -cfc55?
cfc52
In base 14, what is c + 358175?
358183
In base 14, what is 137c + -6a20?
-5682
In base 8, what is -234635635 - 0?
-234635635
In base 9, what is 887 + -1458?
-461
In base 6, what is -14513230 + 2?
-14513224
In base 10, what is 3364 + 19632?
22996
In base 4, what is 110121 - 101012?
3103
In base 14, what is -70 + -ad658?
-ad6c8
In base 14, what is -3 + -4879c00?
-4879c03
In base 10, what is -6051 - -1026?
-5025
In base 11, what is 428 - 53437?
-5300a
In base 6, what is -3 + 30332224511?
30332224504
In base 15, what is -6b + 1e8ed0?
1e8e64
In base 12, what is -1a2 - 336193?
-336375
In base 14, what is 12863 + -2b05?
db5c
In base 4, what is 12131110212 - -233?
12131111111
In base 13, what is 350b + -560a?
-20cc
In base 11, what is 18 + -3370630?
-3370613
In base 4, what is 303112320223 - -12?
303112320301
In base 5, what is -302221342402 + 2?
-302221342400
In base 4, what is 3021212300 - -23?
3021212323
In base 8, what is -12243215 + 3?
-12243212
In base 10, what is -17993 + 1860?
-16133
In base 14, what is -62 - 40bd22?
-40bd84
In base 9, what is -3 - 78707451?
-78707454
In base 9, what is -1768458 - 45?
-1768514
In base 7, what is 13563313 - 13?
13563300
In base 8, what is 6 - 44072675?
-44072667
In base 10, what is -12 - -3074053?
3074041
In base 5, what is -21410 + -1311420?
-1333330
In base 5, what is -31144 - 334144?
-420343
In base 9, what is 4 - -3213368?
3213373
In base 7, what is 162320550 - -1?
162320551
In base 12, what is -163 + -36369?
-36510
In base 13, what is 20b + -5c4ac?
-5c2a1
In base 4, what is 2 - -2000310022222?
2000310022230
In base 15, what is -bae + 293d?
1c7e
In base 13, what is -bc + -379182?
-379271
In base 11, what is 5 + -1637a2826?
-1637a2821
In base 13, what is 350b - c80?
255b
In base 12, what is 619 + -22a55?
-22438
In base 4, what is 22002220 + 1212?
22010032
In base 5, what is -103 + -434044233?
-434044341
In base 5, what is 3100 + -312400313?
-312342213
In base 9, what is 277536325 + -1?
277536324
In base 9, what is 13480 + -3505?
8874
In base 11, what is -43a542 + -5?
-43a547
In base 8, what is -3653235 - -6?
-3653227
In base 14, what is -90b5c - -37?
-90b25
In base 9, what is 233 + 688415?
688648
In base 14, what is -18 - a6c4d1?
-a6c509
In base 3, what is 21 + 112210201202210?
112210201210001
In base 7, what is -536441540 - -1?
-536441536
In base 9, what is -10563285 - -3?
-10563282
In base 16, what is -20ac4d - 29?
-20ac76
In base 4, what is 221233311210 + -2?
221233311202
In base 13, what is -23776b8b + 9?
-23776b82
In base 7, what is 5 - -6635526656?
6635526664
In base 9, what is -22180036 + -1?
-22180037
In base 9, what is -3 - -7180448?
7180445
In base 10, what is -181833 + 582?
-181251
In base 5, what is -4234 + -1224233?
-1234022
In base 5, what is -10 - 112004443?
-112010003
In base 11, what is 421 + 751361?
751782
In base 5, what is -1304 + 3113403430?
3113402121
In base 9, what is 715236 + -4150?
711076
In base 16, what is -2f1e12 + 6f?
-2f1da3
In base 15, what is 2430e21 - -2?
2430e23
In base 13, what is 283 - -c9?
37c
In base 2, what is 110110001110100011110 + -100111000?
110110001101111100110
In base 4, what is 2 - -10301300130100?
10301300130102
In base 13, what is -11 + -1c0657?
-1c0668
In base 14, what is 1 - -1181058?
1181059
In base 16, what is -5 + -2b83ac8?
-2b83acd
In base 3, what is -10222 - 212021201?
-212102200
In base 13, what is 57 - 26762?
-26708
In base 9, what is -744623 + -172?
-744805
In base 16, what is -83 + 5edec?
5ed69
In base 16, what is -289ce + -1000?
-299ce
In base 3, what is 22112021220222101 + -1?
22112021220222100
In base 10, what is 10406 + 2575?
12981
In base 15, what is -31307 - 383?
-3168a
In base 13, what is -151 + -7a7?
-928
In base 3, what is -20121120 + -210222000?
-1001120120
In base 15, what is -1be5e - 9e6?
-1c955
In base 9, what is 553843 + 56?
554010
In base 11, what is 61509a765 + 2?
61509a767
In base 10, what is 1624117 - -4?
1624121
In base 3, what is -2000111 + 1221220?
-1121
In base 15, what is 174cc3 + -26?
174c9c
In base 3, what is -12120201201221110 + -10?
-12120201201221120
In base 2, what is 11111 + -11101010111011100111111?
-11101010111011100100000
In base 14, what is 2 - 3576cb?
-3576c9
In base 14, what is -2 - -2139255?
2139253
In base 5, what is 0 + 11414033031?
11414033031
In base 8, what is 33 + -502472?
-502437
In base 15, what is 1 + -363bdc?
-363bdb
In base 3, what is 2221002110102 + -11?
2221002110021
In base 16, what is 861 - -4b4?
d15
In base 8, what is -67433122 + 3?
-67433117
In base 6, what is -405 - -3312132?
3311323
In base 16, what is 0 + 6149b18?
6149b18
In base 4, what is 33332032000 + 1?
33332032001
In base 12, what is aaa + 3550a?
363b8
In base 8, what is -1364 - -220465?
217101
In base 16, what is 33 - 2e02f?
-2dffc
In base 11, what is 5 + -19794881?
-19794877
In base 3, what is 10202120202202111 - 2?
10202120202202102
In base 12, what is -42182 - 35?
-421b7
In base 15, what is 50d